{"id":125846,"date":"2026-07-02T10:56:24","date_gmt":"2026-07-02T08:56:24","guid":{"rendered":"https:\/\/www.estherbeck.ch\/positionnement-et-affinement-de-la-marque\/"},"modified":"2026-08-06T11:10:50","modified_gmt":"2026-08-06T09:10:50","slug":"positionnement-et-affinement-de-la-marque","status":"publish","type":"page","link":"https:\/\/www.estherbeck.ch\/fr\/positionnement-et-affinement-de-la-marque\/","title":{"rendered":"Positionnement &#038; affinement de la marque"},"content":{"rendered":"<div class=\"wpb-content-wrapper\"><p>[vc_row row_height_percent=&#8221;50&#8243; override_padding=&#8221;yes&#8221; h_padding=&#8221;2&#8243; top_padding=&#8221;5&#8243; bottom_padding=&#8221;5&#8243; back_image=&#8221;120886&#8243; back_position=&#8221;center center&#8221; overlay_color=&#8221;color-nhtu&#8221; overlay_alpha=&#8221;30&#8243; gutter_size=&#8221;3&#8243; column_width_percent=&#8221;100&#8243; shift_y=&#8221;0&#8243; z_index=&#8221;0&#8243; uncode_shortcode_id=&#8221;353681&#8243; back_size=&#8221;cover&#8221; overlay_color_type=&#8221;uncode-palette&#8221;][vc_column column_width_percent=&#8221;100&#8243; gutter_size=&#8221;0&#8243; style=&#8221;dark&#8221; overlay_alpha=&#8221;50&#8243; shift_x=&#8221;0&#8243; shift_y=&#8221;0&#8243; shift_y_down=&#8221;0&#8243; z_index=&#8221;0&#8243; medium_width=&#8221;0&#8243; mobile_width=&#8221;0&#8243; width=&#8221;1\/1&#8243; uncode_shortcode_id=&#8221;197684&#8243;][vc_custom_heading heading_semantic=&#8221;p&#8221; text_size=&#8221;&#8221; text_weight=&#8221;400&#8243; text_transform=&#8221;uppercase&#8221; uncode_shortcode_id=&#8221;190320&#8243; el_class=&#8221;heading_line&#8221;]Votre agence de relations publiques \u00e0 Berne[\/vc_custom_heading][vc_custom_heading heading_semantic=&#8221;h3&#8243; text_size=&#8221;fontsize-614401&#8243; text_weight=&#8221;400&#8243; uncode_shortcode_id=&#8221;187739&#8243;]Positionnement et affinement de la marque[\/vc_custom_heading][\/vc_column][\/vc_row][vc_row row_height_percent=&#8221;0&#8243; override_padding=&#8221;yes&#8221; h_padding=&#8221;2&#8243; top_padding=&#8221;3&#8243; bottom_padding=&#8221;3&#8243; back_color=&#8221;color-lxmt&#8221; overlay_alpha=&#8221;50&#8243; gutter_size=&#8221;3&#8243; column_width_percent=&#8221;100&#8243; shift_y=&#8221;0&#8243; z_index=&#8221;0&#8243; content_parallax=&#8221;0&#8243; uncode_shortcode_id=&#8221;852214&#8243; back_color_type=&#8221;uncode-palette&#8221;][vc_column column_width_percent=&#8221;100&#8243; gutter_size=&#8221;3&#8243; overlay_alpha=&#8221;50&#8243; shift_x=&#8221;0&#8243; shift_y=&#8221;0&#8243; shift_y_down=&#8221;0&#8243; z_index=&#8221;0&#8243; medium_width=&#8221;0&#8243; mobile_width=&#8221;0&#8243; width=&#8221;1\/1&#8243; uncode_shortcode_id=&#8221;538293&#8243;][vc_row_inner row_inner_height_percent=&#8221;0&#8243; overlay_alpha=&#8221;50&#8243; equal_height=&#8221;yes&#8221; gutter_size=&#8221;4&#8243; shift_y=&#8221;0&#8243; z_index=&#8221;0&#8243; inverted_device_order=&#8221;yes&#8221; uncode_shortcode_id=&#8221;188906&#8243;][vc_column_inner column_width_percent=&#8221;100&#8243; position_vertical=&#8221;middle&#8221; gutter_size=&#8221;0&#8243; override_padding=&#8221;yes&#8221; column_padding=&#8221;1&#8243; overlay_alpha=&#8221;50&#8243; shift_x=&#8221;0&#8243; shift_y=&#8221;0&#8243; shift_y_down=&#8221;0&#8243; z_index=&#8221;0&#8243; medium_width=&#8221;0&#8243; mobile_width=&#8221;0&#8243; width=&#8221;1\/2&#8243; uncode_shortcode_id=&#8221;151689&#8243;][vc_custom_heading heading_semantic=&#8221;p&#8221; text_size=&#8221;&#8221; text_weight=&#8221;400&#8243; text_transform=&#8221;uppercase&#8221; uncode_shortcode_id=&#8221;194132&#8243; el_class=&#8221;heading_line&#8221;]Votre agence de relations publiques \u00e0 Berne[\/vc_custom_heading][vc_custom_heading heading_semantic=&#8221;h3&#8243; text_size=&#8221;h1&#8243; text_weight=&#8221;400&#8243; uncode_shortcode_id=&#8221;104262&#8243;]Positionnement et affinement de la marque[\/vc_custom_heading][vc_empty_space empty_h=&#8221;1&#8243;][vc_column_text uncode_shortcode_id=&#8221;107053&#8243;]<em>Avant de pouvoir s&#8217;exprimer, une marque doit conna\u00eetre son identit\u00e9<\/em><em>.<\/em><\/p>\n<p>Une bonne communication exige des bases solides. Une bonne connaissance de ses propres caract\u00e9ristiques en interne est n\u00e9cessaire pour pouvoir communiquer efficacement en externe\u00a0: le positionnement de la marque, ses valeurs propres et son histoire jouent tous un r\u00f4le. C\u2019est pr\u00e9cis\u00e9ment l\u00e0 que nous intervenons\u00a0; avant de r\u00e9diger le premier communiqu\u00e9 de presse, avant d&#8217;\u00e9laborer une strat\u00e9gie sur les r\u00e9seaux sociaux, parfois m\u00eame avant de s\u00e9lectionner le nom de la marque.<\/p>\n<p><strong>Pourquoi proposons-nous des services de strat\u00e9gie de marque\u00a0?<br \/>\n<\/strong>Dans le cadre de nos activit\u00e9s d\u2019agence de relations publiques, nous constatons r\u00e9guli\u00e8rement que la communication tombe \u00e0 plat, non pas par manque de narratif, mais bien car les bases ne sont pas clairement d\u00e9finies. Le positionnement n&#8217;est pas coh\u00e9rent, l&#8217;architecture de la marque a \u00e9volu\u00e9 spontan\u00e9ment sans fil conducteur et le langage adopt\u00e9 est interchangeable. Dans une telle situation, des relations publiques efficaces doivent intervenir une \u00e9tape au pr\u00e9alable. Forts de cette exp\u00e9rience, nous sommes aujourd\u2019hui \u00e0 m\u00eame d&#8217;accompagner les entreprises dans le d\u00e9veloppement et le renforcement de l&#8217;essence de leur marque.<\/p>\n<p><strong>Q<\/strong><strong>u&#8217;entendons-nous par l\u00e0\u00a0?<\/strong><br \/>\nLe travail sur l&#8217;essence de la marque n&#8217;est pas pour nous un dispositif th\u00e9orique, mais bien un processus concret d\u00e9bouchant sur un r\u00e9sultat pr\u00e9cis\u00a0: un document\u00a0 servant d&#8217;indicateur cl\u00e9 pour toutes les d\u00e9cisions ult\u00e9rieures depuis l&#8217;identit\u00e9 visuelle jusqu&#8217;\u00e0 la structure de l&#8217;offre en passant par le style.<\/p>\n<p>Selon la situation initiale, notre travail englobe la clarification du positionnement et la d\u00e9limitation sur le march\u00e9, la d\u00e9finition des valeurs et de l&#8217;attitude de l&#8217;entreprise, le d\u00e9veloppement ou la refonte de l&#8217;architecture de la marque (en particulier pour les entreprises proposant plusieurs offres ou espaces de discussion), l&#8217;\u00e9laboration d&#8217;une identit\u00e9 et d&#8217;un style de langage ainsi que la coordination avec la conception visuelle en collaboration avec les partenaires de design.[\/vc_column_text][vc_empty_space empty_h=&#8221;1&#8243;][\/vc_column_inner][vc_column_inner width=&#8221;1\/2&#8243;][vc_single_image media=&#8221;125895&#8243; media_width_percent=&#8221;100&#8243; uncode_shortcode_id=&#8221;150958&#8243;][vc_column_text uncode_shortcode_id=&#8221;703511&#8243;]<strong>\u00c0 qui s&#8217;adresse notre offre\u00a0?<\/strong><br \/>\nCette offre s&#8217;adresse aux entreprises qui s&#8217;appr\u00eatent \u00e0 prendre un nouveau d\u00e9part, \u00e0 se repositionner ou se pr\u00e9parent \u00e0 franchir une nouvelle \u00e9tape de croissance. Nous travaillons fr\u00e9quemment avec des entreprises issues des secteurs de l&#8217;h\u00f4tellerie, de la gastronomie et du lifestyle \u2014 c&#8217;est-\u00e0-dire de secteurs o\u00f9 l&#8217;identit\u00e9 de marque se vit de mani\u00e8re directe : dans l&#8217;espace, dans le service et dans la langue.<\/p>\n<p><strong>Notre m\u00e9thode de travail<\/strong><br \/>\nNous d\u00e9butons notre travail par un entretien et une analyse de la communication actuelle. S&#8217;ensuit alors un processus structur\u00e9 qui, selon sa complexit\u00e9, peut durer quelques semaines ou plusieurs mois. Au final, on obtient un document d\u00e9finissant l&#8217;essence de la marque qui ne finira pas au fond d&#8217;un tiroir, mais qui sera directement applicable. Ce document servira de base aux relations publiques, au site web, aux pr\u00e9sentations et \u00e0 l&#8217;orientation interne. Si vous le souhaitez, nous vous accompagnerons volontiers dans la mise en \u0153uvre du projet : dans le domaine des relations publiques, de l&#8217;\u00e9laboration de la strat\u00e9gie de communication ou de la coordination avec les partenaires externes. Nous accompagnons actuellement plusieurs projets dans le domaine de l&#8217;identit\u00e9 et du positionnement de marque qui sont en phase de mise en \u0153uvre. Nous en rendrons compte ici d\u00e8s qu&#8217;ils seront parachev\u00e9s.[\/vc_column_text][\/vc_column_inner][\/vc_row_inner][\/vc_column][\/vc_row]<\/p>\n<\/div>","protected":false},"excerpt":{"rendered":"<p>[vc_row row_height_percent=&#8221;50&#8243; override_padding=&#8221;yes&#8221; h_padding=&#8221;2&#8243; top_padding=&#8221;5&#8243; bottom_padding=&#8221;5&#8243; back_image=&#8221;120886&#8243; back_position=&#8221;center center&#8221; overlay_color=&#8221;color-nhtu&#8221; overlay_alpha=&#8221;30&#8243; gutter_size=&#8221;3&#8243; column_width_percent=&#8221;100&#8243; shift_y=&#8221;0&#8243; z_index=&#8221;0&#8243; uncode_shortcode_id=&#8221;353681&#8243; back_size=&#8221;cover&#8221; overlay_color_type=&#8221;uncode-palette&#8221;][vc_column column_width_percent=&#8221;100&#8243; gutter_size=&#8221;0&#8243; [&hellip;]<\/p>\n","protected":false},"author":3,"featured_media":0,"parent":0,"menu_order":0,"comment_status":"closed","ping_status":"closed","template":"","meta":{"footnotes":""},"class_list":["post-125846","page","type-page","status-publish","hentry"],"_links":{"self":[{"href":"https:\/\/www.estherbeck.ch\/fr\/wp-json\/wp\/v2\/pages\/125846","targetHints":{"allow":["GET"]}}],"collection":[{"href":"https:\/\/www.estherbeck.ch\/fr\/wp-json\/wp\/v2\/pages"}],"about":[{"href":"https:\/\/www.estherbeck.ch\/fr\/wp-json\/wp\/v2\/types\/page"}],"author":[{"embeddable":true,"href":"https:\/\/www.estherbeck.ch\/fr\/wp-json\/wp\/v2\/users\/3"}],"replies":[{"embeddable":true,"href":"https:\/\/www.estherbeck.ch\/fr\/wp-json\/wp\/v2\/comments?post=125846"}],"version-history":[{"count":9,"href":"https:\/\/www.estherbeck.ch\/fr\/wp-json\/wp\/v2\/pages\/125846\/revisions"}],"predecessor-version":[{"id":125903,"href":"https:\/\/www.estherbeck.ch\/fr\/wp-json\/wp\/v2\/pages\/125846\/revisions\/125903"}],"wp:attachment":[{"href":"https:\/\/www.estherbeck.ch\/fr\/wp-json\/wp\/v2\/media?parent=125846"}],"curies":[{"name":"wp","href":"https:\/\/api.w.org\/{rel}","templated":true}]}}

<div class="wpb-content-wrapper"><p>[vc_row row_height_percent=&#8221;50&#8243; override_padding=&#8221;yes&#8221; h_padding=&#8221;2&#8243; top_padding=&#8221;5&#8243; bottom_padding=&#8221;5&#8243; back_image=&#8221;120886&#8243; back_position=&#8221;center center&#8221; overlay_color=&#8221;color-nhtu&#8221; overlay_alpha=&#8221;30&#8243; gutter_size=&#8221;3&#8243; column_width_percent=&#8221;100&#8243; shift_y=&#8221;0&#8243; z_index=&#8221;0&#8243; uncode_shortcode_id=&#8221;353681&#8243; back_size=&#8221;cover&#8221; overlay_color_type=&#8221;uncode-palette&#8221;][vc_column column_width_percent=&#8221;100&#8243; gutter_size=&#8221;0&#8243; style=&#8221;dark&#8221; overlay_alpha=&#8221;50&#8243; shift_x=&#8221;0&#8243; shift_y=&#8221;0&#8243; shift_y_down=&#8221;0&#8243; z_index=&#8221;0&#8243; medium_width=&#8221;0&#8243; mobile_width=&#8221;0&#8243; width=&#8221;1/1&#8243; uncode_shortcode_id=&#8221;197684&#8243;][vc_custom_heading heading_semantic=&#8221;p&#8221; text_size=&#8221;&#8221; text_weight=&#8221;400&#8243; text_transform=&#8221;uppercase&#8221; uncode_shortcode_id=&#8221;190320&#8243; el_class=&#8221;heading_line&#8221;]Votre agence de relations publiques à Berne[/vc_custom_heading][vc_custom_heading heading_semantic=&#8221;h3&#8243; text_size=&#8221;fontsize-614401&#8243; text_weight=&#8221;400&#8243; uncode_shortcode_id=&#8221;187739&#8243;]Positionnement et affinement de la marque[/vc_custom_heading][/vc_column][/vc_row][vc_row row_height_percent=&#8221;0&#8243; override_padding=&#8221;yes&#8221; h_padding=&#8221;2&#8243; top_padding=&#8221;3&#8243; bottom_padding=&#8221;3&#8243; back_color=&#8221;color-lxmt&#8221; overlay_alpha=&#8221;50&#8243; gutter_size=&#8221;3&#8243; column_width_percent=&#8221;100&#8243; shift_y=&#8221;0&#8243; z_index=&#8221;0&#8243; content_parallax=&#8221;0&#8243; uncode_shortcode_id=&#8221;852214&#8243; back_color_type=&#8221;uncode-palette&#8221;][vc_column column_width_percent=&#8221;100&#8243; gutter_size=&#8221;3&#8243; overlay_alpha=&#8221;50&#8243; shift_x=&#8221;0&#8243; shift_y=&#8221;0&#8243; shift_y_down=&#8221;0&#8243; z_index=&#8221;0&#8243; medium_width=&#8221;0&#8243; mobile_width=&#8221;0&#8243; width=&#8221;1/1&#8243; uncode_shortcode_id=&#8221;538293&#8243;][vc_row_inner row_inner_height_percent=&#8221;0&#8243; overlay_alpha=&#8221;50&#8243; equal_height=&#8221;yes&#8221; gutter_size=&#8221;4&#8243; shift_y=&#8221;0&#8243; z_index=&#8221;0&#8243; inverted_device_order=&#8221;yes&#8221; uncode_shortcode_id=&#8221;188906&#8243;][vc_column_inner column_width_percent=&#8221;100&#8243; position_vertical=&#8221;middle&#8221; gutter_size=&#8221;0&#8243; override_padding=&#8221;yes&#8221; column_padding=&#8221;1&#8243; overlay_alpha=&#8221;50&#8243; shift_x=&#8221;0&#8243; shift_y=&#8221;0&#8243; shift_y_down=&#8221;0&#8243; z_index=&#8221;0&#8243; medium_width=&#8221;0&#8243; mobile_width=&#8221;0&#8243; width=&#8221;1/2&#8243; uncode_shortcode_id=&#8221;151689&#8243;][vc_custom_heading heading_semantic=&#8221;p&#8221; text_size=&#8221;&#8221; text_weight=&#8221;400&#8243; text_transform=&#8221;uppercase&#8221; uncode_shortcode_id=&#8221;194132&#8243; el_class=&#8221;heading_line&#8221;]Votre agence de relations publiques à Berne[/vc_custom_heading][vc_custom_heading heading_semantic=&#8221;h3&#8243; text_size=&#8221;h1&#8243; text_weight=&#8221;400&#8243; uncode_shortcode_id=&#8221;104262&#8243;]Positionnement et affinement de la marque[/vc_custom_heading][vc_empty_space empty_h=&#8221;1&#8243;][vc_column_text uncode_shortcode_id=&#8221;107053&#8243;]<em>Avant de pouvoir s&#8217;exprimer, une marque doit connaître son identité</em><em>.</em></p>
<p>Une bonne communication exige des bases solides. Une bonne connaissance de ses propres caractéristiques en interne est nécessaire pour pouvoir communiquer efficacement en externe : le positionnement de la marque, ses valeurs propres et son histoire jouent tous un rôle. C’est précisément là que nous intervenons ; avant de rédiger le premier communiqué de presse, avant d&#8217;élaborer une stratégie sur les réseaux sociaux, parfois même avant de sélectionner le nom de la marque.</p>
<p><strong>Pourquoi proposons-nous des services de stratégie de marque ?<br />
</strong>Dans le cadre de nos activités d’agence de relations publiques, nous constatons régulièrement que la communication tombe à plat, non pas par manque de narratif, mais bien car les bases ne sont pas clairement définies. Le positionnement n&#8217;est pas cohérent, l&#8217;architecture de la marque a évolué spontanément sans fil conducteur et le langage adopté est interchangeable. Dans une telle situation, des relations publiques efficaces doivent intervenir une étape au préalable. Forts de cette expérience, nous sommes aujourd’hui à même d&#8217;accompagner les entreprises dans le développement et le renforcement de l&#8217;essence de leur marque.</p>
<p><strong>Q</strong><strong>u&#8217;entendons-nous par là ?</strong><br />
Le travail sur l&#8217;essence de la marque n&#8217;est pas pour nous un dispositif théorique, mais bien un processus concret débouchant sur un résultat précis : un document  servant d&#8217;indicateur clé pour toutes les décisions ultérieures depuis l&#8217;identité visuelle jusqu&#8217;à la structure de l&#8217;offre en passant par le style.</p>
<p>Selon la situation initiale, notre travail englobe la clarification du positionnement et la délimitation sur le marché, la définition des valeurs et de l&#8217;attitude de l&#8217;entreprise, le développement ou la refonte de l&#8217;architecture de la marque (en particulier pour les entreprises proposant plusieurs offres ou espaces de discussion), l&#8217;élaboration d&#8217;une identité et d&#8217;un style de langage ainsi que la coordination avec la conception visuelle en collaboration avec les partenaires de design.[/vc_column_text][vc_empty_space empty_h=&#8221;1&#8243;][/vc_column_inner][vc_column_inner width=&#8221;1/2&#8243;][vc_single_image media=&#8221;125895&#8243; media_width_percent=&#8221;100&#8243; uncode_shortcode_id=&#8221;150958&#8243;][vc_column_text uncode_shortcode_id=&#8221;703511&#8243;]<strong>À qui s&#8217;adresse notre offre ?</strong><br />
Cette offre s&#8217;adresse aux entreprises qui s&#8217;apprêtent à prendre un nouveau départ, à se repositionner ou se préparent à franchir une nouvelle étape de croissance. Nous travaillons fréquemment avec des entreprises issues des secteurs de l&#8217;hôtellerie, de la gastronomie et du lifestyle — c&#8217;est-à-dire de secteurs où l&#8217;identité de marque se vit de manière directe : dans l&#8217;espace, dans le service et dans la langue.</p>
<p><strong>Notre méthode de travail</strong><br />
Nous débutons notre travail par un entretien et une analyse de la communication actuelle. S&#8217;ensuit alors un processus structuré qui, selon sa complexité, peut durer quelques semaines ou plusieurs mois. Au final, on obtient un document définissant l&#8217;essence de la marque qui ne finira pas au fond d&#8217;un tiroir, mais qui sera directement applicable. Ce document servira de base aux relations publiques, au site web, aux présentations et à l&#8217;orientation interne. Si vous le souhaitez, nous vous accompagnerons volontiers dans la mise en œuvre du projet : dans le domaine des relations publiques, de l&#8217;élaboration de la stratégie de communication ou de la coordination avec les partenaires externes. Nous accompagnons actuellement plusieurs projets dans le domaine de l&#8217;identité et du positionnement de marque qui sont en phase de mise en œuvre. Nous en rendrons compte ici dès qu&#8217;ils seront parachevés.[/vc_column_text][/vc_column_inner][/vc_row_inner][/vc_column][/vc_row]</p>
</div>
