{"id":124946,"date":"2025-06-26T09:40:43","date_gmt":"2025-06-26T07:40:43","guid":{"rendered":"https:\/\/www.estherbeck.ch\/notre-philosophie\/"},"modified":"2025-08-21T13:59:38","modified_gmt":"2025-08-21T11:59:38","slug":"notre-philosophie","status":"publish","type":"page","link":"https:\/\/www.estherbeck.ch\/fr\/notre-philosophie\/","title":{"rendered":"Notre philosophie"},"content":{"rendered":"<div class=\"wpb-content-wrapper\"><p>[vc_row row_height_percent=&#8221;50&#8243; override_padding=&#8221;yes&#8221; h_padding=&#8221;2&#8243; top_padding=&#8221;5&#8243; bottom_padding=&#8221;5&#8243; back_image=&#8221;120886&#8243; back_position=&#8221;center center&#8221; overlay_color=&#8221;color-nhtu&#8221; overlay_alpha=&#8221;30&#8243; gutter_size=&#8221;3&#8243; column_width_percent=&#8221;100&#8243; shift_y=&#8221;0&#8243; z_index=&#8221;0&#8243; content_parallax=&#8221;0&#8243; uncode_shortcode_id=&#8221;189222&#8243; back_size=&#8221;cover&#8221; overlay_color_type=&#8221;uncode-palette&#8221;][vc_column column_width_percent=&#8221;100&#8243; gutter_size=&#8221;0&#8243; style=&#8221;dark&#8221; overlay_alpha=&#8221;50&#8243; shift_x=&#8221;0&#8243; shift_y=&#8221;0&#8243; shift_y_down=&#8221;0&#8243; z_index=&#8221;0&#8243; medium_width=&#8221;0&#8243; mobile_width=&#8221;0&#8243; width=&#8221;1\/1&#8243; uncode_shortcode_id=&#8221;197684&#8243;][vc_custom_heading heading_semantic=&#8221;p&#8221; text_size=&#8221;&#8221; text_weight=&#8221;400&#8243; text_transform=&#8221;uppercase&#8221; uncode_shortcode_id=&#8221;190320&#8243; el_class=&#8221;heading_line&#8221;]Agence de relations publiques \u00e0 Berne[\/vc_custom_heading][vc_custom_heading heading_semantic=&#8221;h3&#8243; text_size=&#8221;fontsize-614401&#8243; text_weight=&#8221;400&#8243; uncode_shortcode_id=&#8221;127979&#8243;]Une communication qui bouge, qui \u00e9coute, qui est strat\u00e9gique et organis\u00e9e[\/vc_custom_heading][\/vc_column][\/vc_row][vc_row row_height_percent=&#8221;0&#8243; override_padding=&#8221;yes&#8221; h_padding=&#8221;2&#8243; top_padding=&#8221;3&#8243; bottom_padding=&#8221;3&#8243; back_color=&#8221;color-lxmt&#8221; overlay_alpha=&#8221;50&#8243; gutter_size=&#8221;3&#8243; column_width_percent=&#8221;100&#8243; shift_y=&#8221;0&#8243; z_index=&#8221;0&#8243; uncode_shortcode_id=&#8221;658927&#8243; back_color_type=&#8221;uncode-palette&#8221;][vc_column column_width_percent=&#8221;100&#8243; gutter_size=&#8221;3&#8243; overlay_alpha=&#8221;50&#8243; shift_x=&#8221;0&#8243; shift_y=&#8221;0&#8243; shift_y_down=&#8221;0&#8243; z_index=&#8221;0&#8243; medium_width=&#8221;0&#8243; mobile_width=&#8221;0&#8243; width=&#8221;1\/1&#8243; uncode_shortcode_id=&#8221;538293&#8243;][vc_row_inner row_inner_height_percent=&#8221;0&#8243; overlay_alpha=&#8221;50&#8243; equal_height=&#8221;yes&#8221; gutter_size=&#8221;4&#8243; shift_y=&#8221;0&#8243; z_index=&#8221;0&#8243; inverted_device_order=&#8221;yes&#8221; uncode_shortcode_id=&#8221;476879&#8243;][vc_column_inner column_width_percent=&#8221;100&#8243; position_vertical=&#8221;middle&#8221; gutter_size=&#8221;0&#8243; overlay_alpha=&#8221;50&#8243; shift_x=&#8221;0&#8243; shift_y=&#8221;0&#8243; shift_y_down=&#8221;0&#8243; z_index=&#8221;0&#8243; medium_width=&#8221;0&#8243; mobile_width=&#8221;0&#8243; width=&#8221;1\/2&#8243; uncode_shortcode_id=&#8221;155119&#8243;][vc_custom_heading heading_semantic=&#8221;p&#8221; text_size=&#8221;&#8221; text_weight=&#8221;400&#8243; text_transform=&#8221;uppercase&#8221; uncode_shortcode_id=&#8221;194132&#8243; el_class=&#8221;heading_line&#8221;]Votre Agence de RP \u00e0 Berne[\/vc_custom_heading][vc_custom_heading heading_semantic=&#8221;h3&#8243; text_size=&#8221;h1&#8243; text_weight=&#8221;400&#8243; uncode_shortcode_id=&#8221;143602&#8243;]Une communication qui bouge, qui \u00e9coute, qui est strat\u00e9gique et organis\u00e9e[\/vc_custom_heading][vc_empty_space empty_h=&#8221;1&#8243;][vc_column_text uncode_shortcode_id=&#8221;206053&#8243;]<\/p>\n<p style=\"font-weight: 400;\"><strong>Au c\u0153ur de Berne \u2013 Une communication qui fait bouger les choses<\/strong><br \/>\n\u00ab ESTHER BECK PR \u00bb, votre partenaire privil\u00e9gi\u00e9e pour des relations publiques efficaces et strat\u00e9giquement r\u00e9fl\u00e9chies. Notre base : la passion des concepts strat\u00e9giques, une oreille attentive \u00e0 vos demandes, l\u2019enthousiasme pour les gens qui nous entourent \u2013 et l\u2019habilet\u00e9 du savoir-faire afin de faire passer votre message de mani\u00e8re cr\u00e9ative, pr\u00e9cise et efficace. <\/p>\n<p style=\"font-weight: 400;\"><strong>Notre attitude : \u00c9couter. Comprendre. Communiquer efficacement.  <\/strong><br \/>\nNous croyons au pouvoir des mots clairs, au dialogue plut\u00f4t qu&#8217;au monologue \u2013 et \u00e0 une communication bas\u00e9e sur la confiance et le respect.<br \/>Dans un monde o\u00f9 les informations circulent \u00e0 la vitesse de la lumi\u00e8re, ce qui compte n&#8217;est pas seulement <em>ce qui<\/em> est dit, mais la mani\u00e8re et<em> les raisons <\/em>pour<em> lesquelles<\/em> le message est exprim\u00e9. <\/p>\n<p style=\"font-weight: 400;\">C&#8217;est pourquoi, chez nous, tout commence par l&#8217;\u00e9coute. Nous voulons comprendre ce qui vous motive, ce que vous personnifiez et quelles sont vos opportunit\u00e9s et vos d\u00e9fis. Sur cette base, nous d\u00e9veloppons des solutions de communication qui ne sont pas seulement adapt\u00e9es \u00e0 votre marque, mais qui atteignent r\u00e9ellement les personnes qui comptent pour vous. Nos messages sont cr\u00e9dibles, compr\u00e9hensibles et toujours adapt\u00e9s \u00e0 votre identit\u00e9 \u2013 car seule une communication authentique s&#8217;inscrit dans les m\u00e9moires et gagne la confiance.   <\/p>\n<p style=\"font-weight: 400;\">Nous r\u00e9fl\u00e9chissons de mani\u00e8re strat\u00e9gique, observons attentivement les \u00e9volutions soci\u00e9tales, \u00e9conomiques et m\u00e9diatiques &#8211; et recourons aux faits avec autant de discernement qu&#8217;aux \u00e9motions. Car au final, on ne d\u00e9cide pas seulement avec sa t\u00eate, mais aussi avec son c\u0153ur. C&#8217;est pourquoi nous cr\u00e9ons une communication qui informe, qui \u00e9meut et qui touche dans le meilleur sens du terme.  <\/p>\n<p>&nbsp;<\/p>\n<p style=\"font-weight: 400;\">\u00ab Nous d\u00e9veloppons une communication \u00e9labor\u00e9e qui inspire confiance, qui a de l&#8217;impact et qui rend les valeurs visibles \u00bb. -ESTHER BECK PR<\/p>\n<p>[\/vc_column_text][vc_empty_space empty_h=&#8221;1&#8243;][\/vc_column_inner][vc_column_inner column_width_percent=&#8221;100&#8243; position_vertical=&#8221;middle&#8221; gutter_size=&#8221;3&#8243; overlay_alpha=&#8221;50&#8243; shift_x=&#8221;0&#8243; shift_y=&#8221;0&#8243; shift_y_down=&#8221;0&#8243; z_index=&#8221;0&#8243; medium_width=&#8221;0&#8243; mobile_width=&#8221;0&#8243; width=&#8221;1\/2&#8243; uncode_shortcode_id=&#8221;418139&#8243;][vc_single_image media=&#8221;120891&#8243; media_width_percent=&#8221;100&#8243; media_ratio=&#8221;four-three&#8221; uncode_shortcode_id=&#8221;117033&#8243;][\/vc_column_inner][\/vc_row_inner][\/vc_column][\/vc_row][vc_row][vc_column width=&#8221;1\/1&#8243;][vc_custom_heading heading_semantic=&#8221;p&#8221; text_size=&#8221;&#8221; text_weight=&#8221;400&#8243; text_transform=&#8221;uppercase&#8221; uncode_shortcode_id=&#8221;167151&#8243; el_class=&#8221;heading_line&#8221;]ESTHER BECK PR \u00e0 Berne[\/vc_custom_heading][vc_custom_heading heading_semantic=&#8221;h3&#8243; text_size=&#8221;h1&#8243; text_weight=&#8221;400&#8243; uncode_shortcode_id=&#8221;119567&#8243;]Newsroom[\/vc_custom_heading][uncode_index el_id=&#8221;index-157188&#8243; loop=&#8221;size:6|order_by:date|post_type:post|taxonomy_count:10&#8243; screen_lg=&#8221;1000&#8243; screen_md=&#8221;600&#8243; screen_sm=&#8221;480&#8243; gutter_size=&#8221;3&#8243; single_width=&#8221;5&#8243; images_size=&#8221;four-three&#8221; single_overlay_opacity=&#8221;50&#8243; single_padding=&#8221;2&#8243; uncode_shortcode_id=&#8221;432108&#8243;][\/vc_column][\/vc_row]<\/p>\n<\/div>","protected":false},"excerpt":{"rendered":"<p>[vc_row row_height_percent=&#8221;50&#8243; override_padding=&#8221;yes&#8221; h_padding=&#8221;2&#8243; top_padding=&#8221;5&#8243; bottom_padding=&#8221;5&#8243; back_image=&#8221;120886&#8243; back_position=&#8221;center center&#8221; overlay_color=&#8221;color-nhtu&#8221; overlay_alpha=&#8221;30&#8243; gutter_size=&#8221;3&#8243; column_width_percent=&#8221;100&#8243; shift_y=&#8221;0&#8243; z_index=&#8221;0&#8243; content_parallax=&#8221;0&#8243; uncode_shortcode_id=&#8221;189222&#8243; back_size=&#8221;cover&#8221; overlay_color_type=&#8221;uncode-palette&#8221;][vc_column column_width_percent=&#8221;100&#8243; [&hellip;]<\/p>\n","protected":false},"author":3,"featured_media":0,"parent":0,"menu_order":0,"comment_status":"closed","ping_status":"closed","template":"","meta":{"footnotes":""},"class_list":["post-124946","page","type-page","status-publish","hentry"],"_links":{"self":[{"href":"https:\/\/www.estherbeck.ch\/fr\/wp-json\/wp\/v2\/pages\/124946","targetHints":{"allow":["GET"]}}],"collection":[{"href":"https:\/\/www.estherbeck.ch\/fr\/wp-json\/wp\/v2\/pages"}],"about":[{"href":"https:\/\/www.estherbeck.ch\/fr\/wp-json\/wp\/v2\/types\/page"}],"author":[{"embeddable":true,"href":"https:\/\/www.estherbeck.ch\/fr\/wp-json\/wp\/v2\/users\/3"}],"replies":[{"embeddable":true,"href":"https:\/\/www.estherbeck.ch\/fr\/wp-json\/wp\/v2\/comments?post=124946"}],"version-history":[{"count":4,"href":"https:\/\/www.estherbeck.ch\/fr\/wp-json\/wp\/v2\/pages\/124946\/revisions"}],"predecessor-version":[{"id":125040,"href":"https:\/\/www.estherbeck.ch\/fr\/wp-json\/wp\/v2\/pages\/124946\/revisions\/125040"}],"wp:attachment":[{"href":"https:\/\/www.estherbeck.ch\/fr\/wp-json\/wp\/v2\/media?parent=124946"}],"curies":[{"name":"wp","href":"https:\/\/api.w.org\/{rel}","templated":true}]}}

<div class="wpb-content-wrapper"><p>[vc_row row_height_percent=&#8221;50&#8243; override_padding=&#8221;yes&#8221; h_padding=&#8221;2&#8243; top_padding=&#8221;5&#8243; bottom_padding=&#8221;5&#8243; back_image=&#8221;120886&#8243; back_position=&#8221;center center&#8221; overlay_color=&#8221;color-nhtu&#8221; overlay_alpha=&#8221;30&#8243; gutter_size=&#8221;3&#8243; column_width_percent=&#8221;100&#8243; shift_y=&#8221;0&#8243; z_index=&#8221;0&#8243; content_parallax=&#8221;0&#8243; uncode_shortcode_id=&#8221;189222&#8243; back_size=&#8221;cover&#8221; overlay_color_type=&#8221;uncode-palette&#8221;][vc_column column_width_percent=&#8221;100&#8243; gutter_size=&#8221;0&#8243; style=&#8221;dark&#8221; overlay_alpha=&#8221;50&#8243; shift_x=&#8221;0&#8243; shift_y=&#8221;0&#8243; shift_y_down=&#8221;0&#8243; z_index=&#8221;0&#8243; medium_width=&#8221;0&#8243; mobile_width=&#8221;0&#8243; width=&#8221;1/1&#8243; uncode_shortcode_id=&#8221;197684&#8243;][vc_custom_heading heading_semantic=&#8221;p&#8221; text_size=&#8221;&#8221; text_weight=&#8221;400&#8243; text_transform=&#8221;uppercase&#8221; uncode_shortcode_id=&#8221;190320&#8243; el_class=&#8221;heading_line&#8221;]Agence de relations publiques à Berne[/vc_custom_heading][vc_custom_heading heading_semantic=&#8221;h3&#8243; text_size=&#8221;fontsize-614401&#8243; text_weight=&#8221;400&#8243; uncode_shortcode_id=&#8221;127979&#8243;]Une communication qui bouge, qui écoute, qui est stratégique et organisée[/vc_custom_heading][/vc_column][/vc_row][vc_row row_height_percent=&#8221;0&#8243; override_padding=&#8221;yes&#8221; h_padding=&#8221;2&#8243; top_padding=&#8221;3&#8243; bottom_padding=&#8221;3&#8243; back_color=&#8221;color-lxmt&#8221; overlay_alpha=&#8221;50&#8243; gutter_size=&#8221;3&#8243; column_width_percent=&#8221;100&#8243; shift_y=&#8221;0&#8243; z_index=&#8221;0&#8243; uncode_shortcode_id=&#8221;658927&#8243; back_color_type=&#8221;uncode-palette&#8221;][vc_column column_width_percent=&#8221;100&#8243; gutter_size=&#8221;3&#8243; overlay_alpha=&#8221;50&#8243; shift_x=&#8221;0&#8243; shift_y=&#8221;0&#8243; shift_y_down=&#8221;0&#8243; z_index=&#8221;0&#8243; medium_width=&#8221;0&#8243; mobile_width=&#8221;0&#8243; width=&#8221;1/1&#8243; uncode_shortcode_id=&#8221;538293&#8243;][vc_row_inner row_inner_height_percent=&#8221;0&#8243; overlay_alpha=&#8221;50&#8243; equal_height=&#8221;yes&#8221; gutter_size=&#8221;4&#8243; shift_y=&#8221;0&#8243; z_index=&#8221;0&#8243; inverted_device_order=&#8221;yes&#8221; uncode_shortcode_id=&#8221;476879&#8243;][vc_column_inner column_width_percent=&#8221;100&#8243; position_vertical=&#8221;middle&#8221; gutter_size=&#8221;0&#8243; overlay_alpha=&#8221;50&#8243; shift_x=&#8221;0&#8243; shift_y=&#8221;0&#8243; shift_y_down=&#8221;0&#8243; z_index=&#8221;0&#8243; medium_width=&#8221;0&#8243; mobile_width=&#8221;0&#8243; width=&#8221;1/2&#8243; uncode_shortcode_id=&#8221;155119&#8243;][vc_custom_heading heading_semantic=&#8221;p&#8221; text_size=&#8221;&#8221; text_weight=&#8221;400&#8243; text_transform=&#8221;uppercase&#8221; uncode_shortcode_id=&#8221;194132&#8243; el_class=&#8221;heading_line&#8221;]Votre Agence de RP à Berne[/vc_custom_heading][vc_custom_heading heading_semantic=&#8221;h3&#8243; text_size=&#8221;h1&#8243; text_weight=&#8221;400&#8243; uncode_shortcode_id=&#8221;143602&#8243;]Une communication qui bouge, qui écoute, qui est stratégique et organisée[/vc_custom_heading][vc_empty_space empty_h=&#8221;1&#8243;][vc_column_text uncode_shortcode_id=&#8221;206053&#8243;]</p>
<p style="font-weight: 400;"><strong>Au cœur de Berne – Une communication qui fait bouger les choses</strong><br />
« ESTHER BECK PR », votre partenaire privilégiée pour des relations publiques efficaces et stratégiquement réfléchies. Notre base : la passion des concepts stratégiques, une oreille attentive à vos demandes, l’enthousiasme pour les gens qui nous entourent – et l’habileté du savoir-faire afin de faire passer votre message de manière créative, précise et efficace. </p>
<p style="font-weight: 400;"><strong>Notre attitude : Écouter. Comprendre. Communiquer efficacement.  </strong><br />
Nous croyons au pouvoir des mots clairs, au dialogue plutôt qu&#8217;au monologue – et à une communication basée sur la confiance et le respect.<br />Dans un monde où les informations circulent à la vitesse de la lumière, ce qui compte n&#8217;est pas seulement <em>ce qui</em> est dit, mais la manière et<em> les raisons </em>pour<em> lesquelles</em> le message est exprimé. </p>
<p style="font-weight: 400;">C&#8217;est pourquoi, chez nous, tout commence par l&#8217;écoute. Nous voulons comprendre ce qui vous motive, ce que vous personnifiez et quelles sont vos opportunités et vos défis. Sur cette base, nous développons des solutions de communication qui ne sont pas seulement adaptées à votre marque, mais qui atteignent réellement les personnes qui comptent pour vous. Nos messages sont crédibles, compréhensibles et toujours adaptés à votre identité – car seule une communication authentique s&#8217;inscrit dans les mémoires et gagne la confiance.   </p>
<p style="font-weight: 400;">Nous réfléchissons de manière stratégique, observons attentivement les évolutions sociétales, économiques et médiatiques &#8211; et recourons aux faits avec autant de discernement qu&#8217;aux émotions. Car au final, on ne décide pas seulement avec sa tête, mais aussi avec son cœur. C&#8217;est pourquoi nous créons une communication qui informe, qui émeut et qui touche dans le meilleur sens du terme.  </p>
<p>&nbsp;</p>
<p style="font-weight: 400;">« Nous développons une communication élaborée qui inspire confiance, qui a de l&#8217;impact et qui rend les valeurs visibles ». -ESTHER BECK PR</p>
<p>[/vc_column_text][vc_empty_space empty_h=&#8221;1&#8243;][/vc_column_inner][vc_column_inner column_width_percent=&#8221;100&#8243; position_vertical=&#8221;middle&#8221; gutter_size=&#8221;3&#8243; overlay_alpha=&#8221;50&#8243; shift_x=&#8221;0&#8243; shift_y=&#8221;0&#8243; shift_y_down=&#8221;0&#8243; z_index=&#8221;0&#8243; medium_width=&#8221;0&#8243; mobile_width=&#8221;0&#8243; width=&#8221;1/2&#8243; uncode_shortcode_id=&#8221;418139&#8243;][vc_single_image media=&#8221;120891&#8243; media_width_percent=&#8221;100&#8243; media_ratio=&#8221;four-three&#8221; uncode_shortcode_id=&#8221;117033&#8243;][/vc_column_inner][/vc_row_inner][/vc_column][/vc_row][vc_row][vc_column width=&#8221;1/1&#8243;][vc_custom_heading heading_semantic=&#8221;p&#8221; text_size=&#8221;&#8221; text_weight=&#8221;400&#8243; text_transform=&#8221;uppercase&#8221; uncode_shortcode_id=&#8221;167151&#8243; el_class=&#8221;heading_line&#8221;]ESTHER BECK PR à Berne[/vc_custom_heading][vc_custom_heading heading_semantic=&#8221;h3&#8243; text_size=&#8221;h1&#8243; text_weight=&#8221;400&#8243; uncode_shortcode_id=&#8221;119567&#8243;]Newsroom[/vc_custom_heading][uncode_index el_id=&#8221;index-157188&#8243; loop=&#8221;size:6|order_by:date|post_type:post|taxonomy_count:10&#8243; screen_lg=&#8221;1000&#8243; screen_md=&#8221;600&#8243; screen_sm=&#8221;480&#8243; gutter_size=&#8221;3&#8243; single_width=&#8221;5&#8243; images_size=&#8221;four-three&#8221; single_overlay_opacity=&#8221;50&#8243; single_padding=&#8221;2&#8243; uncode_shortcode_id=&#8221;432108&#8243;][/vc_column][/vc_row]</p>
</div>
