{"id":121711,"date":"2021-03-19T09:00:13","date_gmt":"2021-03-19T08:00:13","guid":{"rendered":"https:\/\/estherbeck.ch\/kontakt\/"},"modified":"2026-04-09T10:57:03","modified_gmt":"2026-04-09T08:57:03","slug":"kontakt","status":"publish","type":"page","link":"https:\/\/www.estherbeck.ch\/fr\/kontakt\/","title":{"rendered":"Contactez-nous"},"content":{"rendered":"<div class=\"wpb-content-wrapper\"><p>[vc_row row_height_percent=&#8221;50&#8243; override_padding=&#8221;yes&#8221; h_padding=&#8221;2&#8243; top_padding=&#8221;5&#8243; bottom_padding=&#8221;5&#8243; back_image=&#8221;123126&#8243; back_position=&#8221;center center&#8221; overlay_color=&#8221;color-nhtu&#8221; overlay_alpha=&#8221;30&#8243; gutter_size=&#8221;3&#8243; column_width_percent=&#8221;100&#8243; shift_y=&#8221;0&#8243; z_index=&#8221;0&#8243; content_parallax=&#8221;0&#8243; uncode_shortcode_id=&#8221;156780&#8243; back_size=&#8221;cover&#8221; overlay_color_type=&#8221;uncode-palette&#8221;][vc_column column_width_percent=&#8221;100&#8243; gutter_size=&#8221;0&#8243; style=&#8221;dark&#8221; overlay_alpha=&#8221;50&#8243; shift_x=&#8221;0&#8243; shift_y=&#8221;0&#8243; shift_y_down=&#8221;0&#8243; z_index=&#8221;0&#8243; medium_width=&#8221;0&#8243; mobile_width=&#8221;0&#8243; width=&#8221;1\/1&#8243; uncode_shortcode_id=&#8221;197684&#8243;][vc_custom_heading heading_semantic=&#8221;p&#8221; text_size=&#8221;&#8221; text_weight=&#8221;400&#8243; text_transform=&#8221;uppercase&#8221; uncode_shortcode_id=&#8221;123951&#8243; el_class=&#8221;heading_line&#8221;]VOTRE AGENCE DE RP \u00c0 BERNE[\/vc_custom_heading][vc_custom_heading heading_semantic=&#8221;h3&#8243; text_size=&#8221;fontsize-614401&#8243; text_weight=&#8221;400&#8243; uncode_shortcode_id=&#8221;145293&#8243;]Contactez-nous[\/vc_custom_heading][\/vc_column][\/vc_row][vc_row row_height_percent=&#8221;0&#8243; back_color=&#8221;color-xsdn&#8221; overlay_alpha=&#8221;50&#8243; gutter_size=&#8221;3&#8243; column_width_percent=&#8221;100&#8243; shift_y=&#8221;0&#8243; z_index=&#8221;0&#8243; uncode_shortcode_id=&#8221;262365&#8243; back_color_type=&#8221;uncode-palette&#8221;][vc_column width=&#8221;1\/2&#8243;][vc_custom_heading heading_semantic=&#8221;p&#8221; text_size=&#8221;&#8221; text_weight=&#8221;400&#8243; text_transform=&#8221;uppercase&#8221; uncode_shortcode_id=&#8221;351154&#8243; el_class=&#8221;heading_line&#8221;]Votre agence de relations publiques \u00e0 Berne[\/vc_custom_heading][vc_custom_heading heading_semantic=&#8221;h3&#8243; text_size=&#8221;h1&#8243; text_weight=&#8221;400&#8243; uncode_shortcode_id=&#8221;625444&#8243;]Votre pr\u00e9sence dans les m\u00e9dias[\/vc_custom_heading][vc_empty_space empty_h=&#8221;1&#8243;][vc_column_text uncode_shortcode_id=&#8221;139775&#8243;]Vous souhaitez que votre marque et vos services soient visibles dans les m\u00e9dias et aupr\u00e8s du grand public ?<\/p>\n<p>Vous souhaitez renforcer \u00e0 long terme vos relations avec vos clients, vos partenaires et vos collaborateurs gr\u00e2ce \u00e0 une communication strat\u00e9gique ?<\/p>\n<p>Ancr\u00e9s localement, mais actifs \u00e0 l&#8217;\u00e9chelle nationale et internationale, nous connaissons parfaitement les diff\u00e9rents environnements m\u00e9diatiques. Forts de notre longue exp\u00e9rience dans le secteur des relations publiques, nous vous proposons des connaissances approfondies et des solutions cr\u00e9atives. Notre collaboration avec nos clients se caract\u00e9rise par une communication personnelle et \u00e9troite.<\/p>\n<p><strong>Pr\u00eats \u00e0 gagner en visibilit\u00e9 ?<\/strong><br \/>\nLors d&#8217;un premier entretien gratuit, nous analysons votre situation actuelle et vous montrons comment votre marque peut b\u00e9n\u00e9ficier de l&#8217;attention qu&#8217;elle m\u00e9rite.[\/vc_column_text][\/vc_column][vc_column width=&#8221;1\/2&#8243;][vc_empty_space empty_h=&#8221;1&#8243;][vc_empty_space empty_h=&#8221;1&#8243;][vc_custom_heading text_color=&#8221;color-xsdn&#8221; heading_semantic=&#8221;h4&#8243; text_size=&#8221;h3&#8243; text_weight=&#8221;400&#8243; uncode_shortcode_id=&#8221;279630&#8243; text_color_type=&#8221;uncode-palette&#8221;]Contactez-nous :[\/vc_custom_heading]\n<div class=\"wpcf7 no-js\" id=\"wpcf7-f122360-o1\" lang=\"en-US\" dir=\"ltr\" data-wpcf7-id=\"122360\">\n<div class=\"screen-reader-response\"><p role=\"status\" aria-live=\"polite\" aria-atomic=\"true\"><\/p> <ul><\/ul><\/div>\n<form action=\"\/fr\/wp-json\/wp\/v2\/pages\/121711#wpcf7-f122360-o1\" method=\"post\" class=\"wpcf7-form init\" aria-label=\"Contact form\" novalidate=\"novalidate\" data-status=\"init\">\n<fieldset class=\"hidden-fields-container\"><input type=\"hidden\" name=\"_wpcf7\" value=\"122360\" \/><input type=\"hidden\" name=\"_wpcf7_version\" value=\"6.1.7\" \/><input type=\"hidden\" name=\"_wpcf7_locale\" value=\"en_US\" \/><input type=\"hidden\" name=\"_wpcf7_unit_tag\" value=\"wpcf7-f122360-o1\" \/><input type=\"hidden\" name=\"_wpcf7_container_post\" value=\"0\" \/><input type=\"hidden\" name=\"_wpcf7_posted_data_hash\" value=\"\" \/><input type=\"hidden\" name=\"_wpcf7_recaptcha_response\" value=\"\" \/>\n<\/fieldset>\n<p><span class=\"wpcf7-form-control-wrap\" data-name=\"your-firstname\"><input size=\"40\" maxlength=\"400\" class=\"wpcf7-form-control wpcf7-text wpcf7-validates-as-required form-fluid form-xl\" aria-required=\"true\" aria-invalid=\"false\" placeholder=\"Nom et pr\u00e9nom\" value=\"\" type=\"text\" name=\"your-firstname\" \/><\/span>\n<\/p>\n<p><span class=\"wpcf7-form-control-wrap\" data-name=\"your-email\"><input size=\"40\" maxlength=\"400\" class=\"wpcf7-form-control wpcf7-email wpcf7-validates-as-required wpcf7-text wpcf7-validates-as-email form-fluid form-xl\" aria-required=\"true\" aria-invalid=\"false\" placeholder=\"E-mail\" value=\"\" type=\"email\" name=\"your-email\" \/><\/span>\n<\/p>\n<p><span class=\"wpcf7-form-control-wrap\" data-name=\"your-message\"><textarea cols=\"40\" rows=\"10\" maxlength=\"2000\" class=\"wpcf7-form-control wpcf7-textarea form-xl\" aria-invalid=\"false\" placeholder=\"Message\" name=\"your-message\"><\/textarea><\/span>\n<\/p>\n<div style=\"margin-top: 24px;\">\n\t<div id=\"cf7sr-6a9a4663389ec\" class=\"cf7sr-g-recaptcha\" data-theme=\"light\" data-type=\"image\" data-size=\"normal\" data-sitekey=\"6LfCX6weAAAAAIx4S98RkPlHc9DghQfMH8JnyHzD\"><\/div><span class=\"wpcf7-form-control-wrap cf7sr-recaptcha\" data-name=\"cf7sr-recaptcha\"><input type=\"hidden\" name=\"cf7sr-recaptcha\" value=\"\" class=\"wpcf7-form-control\"><\/span>\n\t<\/p>\n<\/div>\n<p><input class=\"wpcf7-form-control wpcf7-submit has-spinner btn btn-xsdn btn-lg btn-flat btn-custom-typo font-weight-400\" type=\"submit\" value=\"Soumettre\" \/>\n<\/p><input type='hidden' class='wpcf7-pum' value='{\"closepopup\":false,\"closedelay\":0,\"openpopup\":false,\"openpopup_id\":0}' \/><div class=\"wpcf7-response-output\" aria-hidden=\"true\"><\/div>\n<\/form>\n<\/div>\n[\/vc_column][\/vc_row][vc_row row_height_percent=&#8221;0&#8243; back_color=&#8221;color-wvjs&#8221; overlay_alpha=&#8221;50&#8243; gutter_size=&#8221;3&#8243; column_width_percent=&#8221;100&#8243; shift_y=&#8221;0&#8243; z_index=&#8221;0&#8243; uncode_shortcode_id=&#8221;149052&#8243; back_color_type=&#8221;uncode-palette&#8221;][vc_column width=&#8221;1\/1&#8243;][vc_row_inner][vc_column_inner width=&#8221;1\/1&#8243;][vc_custom_heading text_color=&#8221;color-xsdn&#8221; uncode_shortcode_id=&#8221;131602&#8243; text_color_type=&#8221;uncode-palette&#8221;]Informations de contact[\/vc_custom_heading][vc_column_text text_lead=&#8221;yes&#8221; text_color=&#8221;color-xsdn&#8221; uncode_shortcode_id=&#8221;236672&#8243; el_class=&#8221;custom_list_icon&#8221; text_color_type=&#8221;uncode-palette&#8221;]ESTHER BECK Public Relations<\/p>\n<p>Adresse de l&#8217;agence : Marktgasse 38, CH-3011 Bern<br \/>\nAdresse postale : Bellevuestrasse 57, CH-3095 Spiegel b. Bern<\/p>\n<p><span style=\"color: #ffffff;\"><a style=\"color: #ffffff;\" href=\"mailto:contact@estherbeck.ch\">contact@estherbeck.ch<\/a><\/span><br \/>\n<span style=\"color: #ffffff;\"><a style=\"color: #ffffff;\" href=\"tel:+41%20(0)31%20961%2050%2014\">+41 (0) 31 961 50 14<\/a><\/span>[\/vc_column_text][\/vc_column_inner][\/vc_row_inner][\/vc_column][\/vc_row]<\/p>\n<\/div>","protected":false},"excerpt":{"rendered":"<p>[vc_row row_height_percent=&#8221;50&#8243; override_padding=&#8221;yes&#8221; h_padding=&#8221;2&#8243; top_padding=&#8221;5&#8243; bottom_padding=&#8221;5&#8243; back_image=&#8221;123126&#8243; back_position=&#8221;center center&#8221; overlay_color=&#8221;color-nhtu&#8221; overlay_alpha=&#8221;30&#8243; gutter_size=&#8221;3&#8243; column_width_percent=&#8221;100&#8243; shift_y=&#8221;0&#8243; z_index=&#8221;0&#8243; content_parallax=&#8221;0&#8243; uncode_shortcode_id=&#8221;156780&#8243; back_size=&#8221;cover&#8221; overlay_color_type=&#8221;uncode-palette&#8221;][vc_column column_width_percent=&#8221;100&#8243; [&hellip;]<\/p>\n","protected":false},"author":1,"featured_media":0,"parent":0,"menu_order":0,"comment_status":"closed","ping_status":"closed","template":"","meta":{"footnotes":""},"class_list":["post-121711","page","type-page","status-publish","hentry"],"_links":{"self":[{"href":"https:\/\/www.estherbeck.ch\/fr\/wp-json\/wp\/v2\/pages\/121711","targetHints":{"allow":["GET"]}}],"collection":[{"href":"https:\/\/www.estherbeck.ch\/fr\/wp-json\/wp\/v2\/pages"}],"about":[{"href":"https:\/\/www.estherbeck.ch\/fr\/wp-json\/wp\/v2\/types\/page"}],"author":[{"embeddable":true,"href":"https:\/\/www.estherbeck.ch\/fr\/wp-json\/wp\/v2\/users\/1"}],"replies":[{"embeddable":true,"href":"https:\/\/www.estherbeck.ch\/fr\/wp-json\/wp\/v2\/comments?post=121711"}],"version-history":[{"count":24,"href":"https:\/\/www.estherbeck.ch\/fr\/wp-json\/wp\/v2\/pages\/121711\/revisions"}],"predecessor-version":[{"id":125706,"href":"https:\/\/www.estherbeck.ch\/fr\/wp-json\/wp\/v2\/pages\/121711\/revisions\/125706"}],"wp:attachment":[{"href":"https:\/\/www.estherbeck.ch\/fr\/wp-json\/wp\/v2\/media?parent=121711"}],"curies":[{"name":"wp","href":"https:\/\/api.w.org\/{rel}","templated":true}]}}

<div class="wpb-content-wrapper"><p>[vc_row row_height_percent=&#8221;50&#8243; override_padding=&#8221;yes&#8221; h_padding=&#8221;2&#8243; top_padding=&#8221;5&#8243; bottom_padding=&#8221;5&#8243; back_image=&#8221;123126&#8243; back_position=&#8221;center center&#8221; overlay_color=&#8221;color-nhtu&#8221; overlay_alpha=&#8221;30&#8243; gutter_size=&#8221;3&#8243; column_width_percent=&#8221;100&#8243; shift_y=&#8221;0&#8243; z_index=&#8221;0&#8243; content_parallax=&#8221;0&#8243; uncode_shortcode_id=&#8221;156780&#8243; back_size=&#8221;cover&#8221; overlay_color_type=&#8221;uncode-palette&#8221;][vc_column column_width_percent=&#8221;100&#8243; gutter_size=&#8221;0&#8243; style=&#8221;dark&#8221; overlay_alpha=&#8221;50&#8243; shift_x=&#8221;0&#8243; shift_y=&#8221;0&#8243; shift_y_down=&#8221;0&#8243; z_index=&#8221;0&#8243; medium_width=&#8221;0&#8243; mobile_width=&#8221;0&#8243; width=&#8221;1/1&#8243; uncode_shortcode_id=&#8221;197684&#8243;][vc_custom_heading heading_semantic=&#8221;p&#8221; text_size=&#8221;&#8221; text_weight=&#8221;400&#8243; text_transform=&#8221;uppercase&#8221; uncode_shortcode_id=&#8221;123951&#8243; el_class=&#8221;heading_line&#8221;]VOTRE AGENCE DE RP À BERNE[/vc_custom_heading][vc_custom_heading heading_semantic=&#8221;h3&#8243; text_size=&#8221;fontsize-614401&#8243; text_weight=&#8221;400&#8243; uncode_shortcode_id=&#8221;145293&#8243;]Contactez-nous[/vc_custom_heading][/vc_column][/vc_row][vc_row row_height_percent=&#8221;0&#8243; back_color=&#8221;color-xsdn&#8221; overlay_alpha=&#8221;50&#8243; gutter_size=&#8221;3&#8243; column_width_percent=&#8221;100&#8243; shift_y=&#8221;0&#8243; z_index=&#8221;0&#8243; uncode_shortcode_id=&#8221;262365&#8243; back_color_type=&#8221;uncode-palette&#8221;][vc_column width=&#8221;1/2&#8243;][vc_custom_heading heading_semantic=&#8221;p&#8221; text_size=&#8221;&#8221; text_weight=&#8221;400&#8243; text_transform=&#8221;uppercase&#8221; uncode_shortcode_id=&#8221;351154&#8243; el_class=&#8221;heading_line&#8221;]Votre agence de relations publiques à Berne[/vc_custom_heading][vc_custom_heading heading_semantic=&#8221;h3&#8243; text_size=&#8221;h1&#8243; text_weight=&#8221;400&#8243; uncode_shortcode_id=&#8221;625444&#8243;]Votre présence dans les médias[/vc_custom_heading][vc_empty_space empty_h=&#8221;1&#8243;][vc_column_text uncode_shortcode_id=&#8221;139775&#8243;]Vous souhaitez que votre marque et vos services soient visibles dans les médias et auprès du grand public ?</p>
<p>Vous souhaitez renforcer à long terme vos relations avec vos clients, vos partenaires et vos collaborateurs grâce à une communication stratégique ?</p>
<p>Ancrés localement, mais actifs à l&#8217;échelle nationale et internationale, nous connaissons parfaitement les différents environnements médiatiques. Forts de notre longue expérience dans le secteur des relations publiques, nous vous proposons des connaissances approfondies et des solutions créatives. Notre collaboration avec nos clients se caractérise par une communication personnelle et étroite.</p>
<p><strong>Prêts à gagner en visibilité ?</strong><br />
Lors d&#8217;un premier entretien gratuit, nous analysons votre situation actuelle et vous montrons comment votre marque peut bénéficier de l&#8217;attention qu&#8217;elle mérite.[/vc_column_text][/vc_column][vc_column width=&#8221;1/2&#8243;][vc_empty_space empty_h=&#8221;1&#8243;][vc_empty_space empty_h=&#8221;1&#8243;][vc_custom_heading text_color=&#8221;color-xsdn&#8221; heading_semantic=&#8221;h4&#8243; text_size=&#8221;h3&#8243; text_weight=&#8221;400&#8243; uncode_shortcode_id=&#8221;279630&#8243; text_color_type=&#8221;uncode-palette&#8221;]Contactez-nous :[/vc_custom_heading]
<div class="wpcf7 no-js" id="wpcf7-f122360-o1" lang="en-US" dir="ltr" data-wpcf7-id="122360">
<div class="screen-reader-response"><p role="status" aria-live="polite" aria-atomic="true"></p> <ul></ul></div>
<form action="/fr/wp-json/wp/v2/pages/121711#wpcf7-f122360-o1" method="post" class="wpcf7-form init" aria-label="Contact form" novalidate="novalidate" data-status="init">
<fieldset class="hidden-fields-container"><input type="hidden" name="_wpcf7" value="122360" /><input type="hidden" name="_wpcf7_version" value="6.1.7" /><input type="hidden" name="_wpcf7_locale" value="en_US" /><input type="hidden" name="_wpcf7_unit_tag" value="wpcf7-f122360-o1" /><input type="hidden" name="_wpcf7_container_post" value="0" /><input type="hidden" name="_wpcf7_posted_data_hash" value="" /><input type="hidden" name="_wpcf7_recaptcha_response" value="" />
</fieldset>
<p><span class="wpcf7-form-control-wrap" data-name="your-firstname"><input size="40" maxlength="400" class="wpcf7-form-control wpcf7-text wpcf7-validates-as-required form-fluid form-xl" aria-required="true" aria-invalid="false" placeholder="Nom et prénom" value="" type="text" name="your-firstname" /></span>
</p>
<p><span class="wpcf7-form-control-wrap" data-name="your-email"><input size="40" maxlength="400" class="wpcf7-form-control wpcf7-email wpcf7-validates-as-required wpcf7-text wpcf7-validates-as-email form-fluid form-xl" aria-required="true" aria-invalid="false" placeholder="E-mail" value="" type="email" name="your-email" /></span>
</p>
<p><span class="wpcf7-form-control-wrap" data-name="your-message"><textarea cols="40" rows="10" maxlength="2000" class="wpcf7-form-control wpcf7-textarea form-xl" aria-invalid="false" placeholder="Message" name="your-message"></textarea></span>
</p>
<div style="margin-top: 24px;">
	<div id="cf7sr-6a9a4663389ec" class="cf7sr-g-recaptcha" data-theme="light" data-type="image" data-size="normal" data-sitekey="6LfCX6weAAAAAIx4S98RkPlHc9DghQfMH8JnyHzD"></div><span class="wpcf7-form-control-wrap cf7sr-recaptcha" data-name="cf7sr-recaptcha"><input type="hidden" name="cf7sr-recaptcha" value="" class="wpcf7-form-control"></span>
	</p>
</div>
<p><input class="wpcf7-form-control wpcf7-submit has-spinner btn btn-xsdn btn-lg btn-flat btn-custom-typo font-weight-400" type="submit" value="Soumettre" />
</p><input type='hidden' class='wpcf7-pum' value='{"closepopup":false,"closedelay":0,"openpopup":false,"openpopup_id":0}' /><div class="wpcf7-response-output" aria-hidden="true"></div>
</form>
</div>
[/vc_column][/vc_row][vc_row row_height_percent=&#8221;0&#8243; back_color=&#8221;color-wvjs&#8221; overlay_alpha=&#8221;50&#8243; gutter_size=&#8221;3&#8243; column_width_percent=&#8221;100&#8243; shift_y=&#8221;0&#8243; z_index=&#8221;0&#8243; uncode_shortcode_id=&#8221;149052&#8243; back_color_type=&#8221;uncode-palette&#8221;][vc_column width=&#8221;1/1&#8243;][vc_row_inner][vc_column_inner width=&#8221;1/1&#8243;][vc_custom_heading text_color=&#8221;color-xsdn&#8221; uncode_shortcode_id=&#8221;131602&#8243; text_color_type=&#8221;uncode-palette&#8221;]Informations de contact[/vc_custom_heading][vc_column_text text_lead=&#8221;yes&#8221; text_color=&#8221;color-xsdn&#8221; uncode_shortcode_id=&#8221;236672&#8243; el_class=&#8221;custom_list_icon&#8221; text_color_type=&#8221;uncode-palette&#8221;]ESTHER BECK Public Relations</p>
<p>Adresse de l&#8217;agence : Marktgasse 38, CH-3011 Bern<br />
Adresse postale : Bellevuestrasse 57, CH-3095 Spiegel b. Bern</p>
<p><span style="color: #ffffff;"><a style="color: #ffffff;" href="mailto:contact@estherbeck.ch">contact@estherbeck.ch</a></span><br />
<span style="color: #ffffff;"><a style="color: #ffffff;" href="tel:+41%20(0)31%20961%2050%2014">+41 (0) 31 961 50 14</a></span>[/vc_column_text][/vc_column_inner][/vc_row_inner][/vc_column][/vc_row]</p>
</div>
