{"id":121707,"date":"2023-04-14T23:53:21","date_gmt":"2023-04-14T21:53:21","guid":{"rendered":"https:\/\/estherbeck.ch\/media-relations\/"},"modified":"2026-07-02T14:52:09","modified_gmt":"2026-07-02T12:52:09","slug":"collaborations","status":"publish","type":"page","link":"https:\/\/www.estherbeck.ch\/fr\/collaborations\/","title":{"rendered":"Collaborations"},"content":{"rendered":"<div class=\"wpb-content-wrapper\"><p>[vc_row row_height_percent=&#8221;50&#8243; override_padding=&#8221;yes&#8221; h_padding=&#8221;2&#8243; top_padding=&#8221;5&#8243; bottom_padding=&#8221;5&#8243; back_image=&#8221;120703&#8243; back_position=&#8221;center center&#8221; overlay_color=&#8221;color-nhtu&#8221; overlay_alpha=&#8221;30&#8243; gutter_size=&#8221;3&#8243; column_width_percent=&#8221;100&#8243; shift_y=&#8221;0&#8243; z_index=&#8221;0&#8243; uncode_shortcode_id=&#8221;137291&#8243; back_size=&#8221;cover&#8221; overlay_color_type=&#8221;uncode-palette&#8221;][vc_column column_width_percent=&#8221;100&#8243; gutter_size=&#8221;0&#8243; style=&#8221;dark&#8221; overlay_alpha=&#8221;50&#8243; shift_x=&#8221;0&#8243; shift_y=&#8221;0&#8243; shift_y_down=&#8221;0&#8243; z_index=&#8221;0&#8243; medium_width=&#8221;0&#8243; mobile_width=&#8221;0&#8243; width=&#8221;1\/1&#8243; uncode_shortcode_id=&#8221;197684&#8243;][vc_custom_heading heading_semantic=&#8221;p&#8221; text_size=&#8221;&#8221; text_weight=&#8221;400&#8243; text_transform=&#8221;uppercase&#8221; uncode_shortcode_id=&#8221;190320&#8243; el_class=&#8221;heading_line&#8221;]Agence de relations publiques \u00e0 Berne[\/vc_custom_heading][vc_custom_heading heading_semantic=&#8221;h3&#8243; text_size=&#8221;fontsize-614401&#8243; text_weight=&#8221;400&#8243; uncode_shortcode_id=&#8221;598153&#8243;]Collaborations[\/vc_custom_heading][\/vc_column][\/vc_row][vc_row row_height_percent=&#8221;0&#8243; override_padding=&#8221;yes&#8221; h_padding=&#8221;2&#8243; top_padding=&#8221;3&#8243; bottom_padding=&#8221;3&#8243; back_color=&#8221;color-lxmt&#8221; overlay_alpha=&#8221;50&#8243; gutter_size=&#8221;3&#8243; column_width_percent=&#8221;100&#8243; shift_y=&#8221;0&#8243; z_index=&#8221;0&#8243; uncode_shortcode_id=&#8221;658927&#8243; back_color_type=&#8221;uncode-palette&#8221;][vc_column column_width_percent=&#8221;100&#8243; gutter_size=&#8221;3&#8243; overlay_alpha=&#8221;50&#8243; shift_x=&#8221;0&#8243; shift_y=&#8221;0&#8243; shift_y_down=&#8221;0&#8243; z_index=&#8221;0&#8243; medium_width=&#8221;0&#8243; mobile_width=&#8221;0&#8243; width=&#8221;1\/1&#8243; uncode_shortcode_id=&#8221;538293&#8243;][vc_row_inner row_inner_height_percent=&#8221;0&#8243; overlay_alpha=&#8221;50&#8243; equal_height=&#8221;yes&#8221; gutter_size=&#8221;4&#8243; shift_y=&#8221;0&#8243; z_index=&#8221;0&#8243; inverted_device_order=&#8221;yes&#8221; uncode_shortcode_id=&#8221;476879&#8243;][vc_column_inner column_width_percent=&#8221;100&#8243; position_vertical=&#8221;middle&#8221; gutter_size=&#8221;0&#8243; overlay_alpha=&#8221;50&#8243; shift_x=&#8221;0&#8243; shift_y=&#8221;0&#8243; shift_y_down=&#8221;0&#8243; z_index=&#8221;0&#8243; medium_width=&#8221;0&#8243; mobile_width=&#8221;0&#8243; width=&#8221;1\/2&#8243; uncode_shortcode_id=&#8221;155119&#8243;][vc_custom_heading heading_semantic=&#8221;p&#8221; text_size=&#8221;&#8221; text_weight=&#8221;400&#8243; text_transform=&#8221;uppercase&#8221; uncode_shortcode_id=&#8221;194132&#8243; el_class=&#8221;heading_line&#8221;]Votre Agence de RP \u00e0 Berne[\/vc_custom_heading][vc_custom_heading heading_semantic=&#8221;h3&#8243; text_size=&#8221;h1&#8243; text_weight=&#8221;400&#8243; uncode_shortcode_id=&#8221;203720&#8243;]Collaborations[\/vc_custom_heading][vc_empty_space empty_h=&#8221;1&#8243;][vc_column_text uncode_shortcode_id=&#8221;343460&#8243;]<\/p>\n<p style=\"font-weight: 400;\"><strong>Collaborations marketing et partenariats avec des ambassadeurs et ambassadrices \u2013 Partenariats strat\u00e9giques pour un succ\u00e8s durable de la marque<\/strong><\/p>\n<p style=\"font-weight: 400;\">Gr\u00e2ce \u00e0 des collaborations marketing innovantes et des partenariats exclusifs avec des ambassadeurs et ambassadrices, nous ouvrons de nouveaux march\u00e9s et touchons de nouvelles audiences pour votre marque. En tant qu\u2019agence de relations publiques exp\u00e9riment\u00e9e bas\u00e9e \u00e0 Berne, nous combinons communication classique et concepts cr\u00e9atifs de partenariat dans l\u2019ensemble de l\u2019espace DACH.<\/p>\n<p style=\"font-weight: 400;\">Nos concepts globaux reposent sur une strat\u00e9gie de communication r\u00e9fl\u00e9chie. Que ce soit pour l\u2019h\u00f4tellerie, la gastronomie, les marques lifestyle ou les produits de luxe, nous \u00e9laborons des solutions sur mesure qui transmettent authentiquement les valeurs de votre marque.<\/p>\n<p style=\"font-weight: 400;\"><strong>Vos avantages <\/strong>: une notori\u00e9t\u00e9 accrue de la marque, de nouveaux segments de client\u00e8le et des relations d\u2019affaires durables gr\u00e2ce \u00e0 des partenariats strat\u00e9giquement r\u00e9fl\u00e9chis.<\/p>\n<p style=\"font-weight: 400;\"><strong>\u00c9v\u00e9nements &amp; r\u00e9seau<\/strong><\/p>\n<p style=\"font-weight: 400;\"><strong>Relations publiques \u00e9v\u00e9nementielles professionnelles pour un impact m\u00e9diatique maximal<\/strong><\/p>\n<p style=\"font-weight: 400;\">Nous concevons et r\u00e9alisons des \u00e9v\u00e9nements sur mesure qui transmettent efficacement vos messages. Des petits-d\u00e9jeuners m\u00e9dias exclusifs aux lancements de produits, en passant par des inaugurations spectaculaires, nous cr\u00e9ons des exp\u00e9riences inoubliables pour les m\u00e9dias et multiplicateurs\u00b7trices.<\/p>\n<ul style=\"font-weight: 400;\">\n<li>Un accompagnement sur mesure, de la conception \u00e0 la phase de suivi<\/li>\n<li>Acc\u00e8s \u00e0 notre r\u00e9seau m\u00e9diatique exclusif<\/li>\n<li>Des r\u00e9sultats mesurables gr\u00e2ce \u00e0 une gestion professionnelle d\u2019\u00e9v\u00e9nements<\/li>\n<li>Un accompagnement relationnel durable, au-del\u00e0 des impacts ponctuels<\/li>\n<\/ul>\n<p>[\/vc_column_text][vc_empty_space empty_h=&#8221;1&#8243;][\/vc_column_inner][vc_column_inner width=&#8221;1\/2&#8243;][vc_single_image media=&#8221;121660&#8243; caption=&#8221;yes&#8221; media_width_percent=&#8221;100&#8243; uncode_shortcode_id=&#8221;145974&#8243;][\/vc_column_inner][\/vc_row_inner][\/vc_column][\/vc_row][vc_row][vc_column width=&#8221;1\/3&#8243;][\/vc_column][vc_column width=&#8221;1\/3&#8243;][\/vc_column][vc_column width=&#8221;1\/3&#8243;][\/vc_column][\/vc_row]<\/p>\n<\/div>","protected":false},"excerpt":{"rendered":"<p>[vc_row row_height_percent=&#8221;50&#8243; override_padding=&#8221;yes&#8221; h_padding=&#8221;2&#8243; top_padding=&#8221;5&#8243; bottom_padding=&#8221;5&#8243; back_image=&#8221;120703&#8243; back_position=&#8221;center center&#8221; overlay_color=&#8221;color-nhtu&#8221; overlay_alpha=&#8221;30&#8243; gutter_size=&#8221;3&#8243; column_width_percent=&#8221;100&#8243; shift_y=&#8221;0&#8243; z_index=&#8221;0&#8243; uncode_shortcode_id=&#8221;137291&#8243; back_size=&#8221;cover&#8221; overlay_color_type=&#8221;uncode-palette&#8221;][vc_column column_width_percent=&#8221;100&#8243; gutter_size=&#8221;0&#8243; [&hellip;]<\/p>\n","protected":false},"author":2,"featured_media":0,"parent":0,"menu_order":0,"comment_status":"closed","ping_status":"closed","template":"","meta":{"footnotes":""},"class_list":["post-121707","page","type-page","status-publish","hentry"],"_links":{"self":[{"href":"https:\/\/www.estherbeck.ch\/fr\/wp-json\/wp\/v2\/pages\/121707","targetHints":{"allow":["GET"]}}],"collection":[{"href":"https:\/\/www.estherbeck.ch\/fr\/wp-json\/wp\/v2\/pages"}],"about":[{"href":"https:\/\/www.estherbeck.ch\/fr\/wp-json\/wp\/v2\/types\/page"}],"author":[{"embeddable":true,"href":"https:\/\/www.estherbeck.ch\/fr\/wp-json\/wp\/v2\/users\/2"}],"replies":[{"embeddable":true,"href":"https:\/\/www.estherbeck.ch\/fr\/wp-json\/wp\/v2\/comments?post=121707"}],"version-history":[{"count":20,"href":"https:\/\/www.estherbeck.ch\/fr\/wp-json\/wp\/v2\/pages\/121707\/revisions"}],"predecessor-version":[{"id":125853,"href":"https:\/\/www.estherbeck.ch\/fr\/wp-json\/wp\/v2\/pages\/121707\/revisions\/125853"}],"wp:attachment":[{"href":"https:\/\/www.estherbeck.ch\/fr\/wp-json\/wp\/v2\/media?parent=121707"}],"curies":[{"name":"wp","href":"https:\/\/api.w.org\/{rel}","templated":true}]}}

<div class="wpb-content-wrapper"><p>[vc_row row_height_percent=&#8221;50&#8243; override_padding=&#8221;yes&#8221; h_padding=&#8221;2&#8243; top_padding=&#8221;5&#8243; bottom_padding=&#8221;5&#8243; back_image=&#8221;120703&#8243; back_position=&#8221;center center&#8221; overlay_color=&#8221;color-nhtu&#8221; overlay_alpha=&#8221;30&#8243; gutter_size=&#8221;3&#8243; column_width_percent=&#8221;100&#8243; shift_y=&#8221;0&#8243; z_index=&#8221;0&#8243; uncode_shortcode_id=&#8221;137291&#8243; back_size=&#8221;cover&#8221; overlay_color_type=&#8221;uncode-palette&#8221;][vc_column column_width_percent=&#8221;100&#8243; gutter_size=&#8221;0&#8243; style=&#8221;dark&#8221; overlay_alpha=&#8221;50&#8243; shift_x=&#8221;0&#8243; shift_y=&#8221;0&#8243; shift_y_down=&#8221;0&#8243; z_index=&#8221;0&#8243; medium_width=&#8221;0&#8243; mobile_width=&#8221;0&#8243; width=&#8221;1/1&#8243; uncode_shortcode_id=&#8221;197684&#8243;][vc_custom_heading heading_semantic=&#8221;p&#8221; text_size=&#8221;&#8221; text_weight=&#8221;400&#8243; text_transform=&#8221;uppercase&#8221; uncode_shortcode_id=&#8221;190320&#8243; el_class=&#8221;heading_line&#8221;]Agence de relations publiques à Berne[/vc_custom_heading][vc_custom_heading heading_semantic=&#8221;h3&#8243; text_size=&#8221;fontsize-614401&#8243; text_weight=&#8221;400&#8243; uncode_shortcode_id=&#8221;598153&#8243;]Collaborations[/vc_custom_heading][/vc_column][/vc_row][vc_row row_height_percent=&#8221;0&#8243; override_padding=&#8221;yes&#8221; h_padding=&#8221;2&#8243; top_padding=&#8221;3&#8243; bottom_padding=&#8221;3&#8243; back_color=&#8221;color-lxmt&#8221; overlay_alpha=&#8221;50&#8243; gutter_size=&#8221;3&#8243; column_width_percent=&#8221;100&#8243; shift_y=&#8221;0&#8243; z_index=&#8221;0&#8243; uncode_shortcode_id=&#8221;658927&#8243; back_color_type=&#8221;uncode-palette&#8221;][vc_column column_width_percent=&#8221;100&#8243; gutter_size=&#8221;3&#8243; overlay_alpha=&#8221;50&#8243; shift_x=&#8221;0&#8243; shift_y=&#8221;0&#8243; shift_y_down=&#8221;0&#8243; z_index=&#8221;0&#8243; medium_width=&#8221;0&#8243; mobile_width=&#8221;0&#8243; width=&#8221;1/1&#8243; uncode_shortcode_id=&#8221;538293&#8243;][vc_row_inner row_inner_height_percent=&#8221;0&#8243; overlay_alpha=&#8221;50&#8243; equal_height=&#8221;yes&#8221; gutter_size=&#8221;4&#8243; shift_y=&#8221;0&#8243; z_index=&#8221;0&#8243; inverted_device_order=&#8221;yes&#8221; uncode_shortcode_id=&#8221;476879&#8243;][vc_column_inner column_width_percent=&#8221;100&#8243; position_vertical=&#8221;middle&#8221; gutter_size=&#8221;0&#8243; overlay_alpha=&#8221;50&#8243; shift_x=&#8221;0&#8243; shift_y=&#8221;0&#8243; shift_y_down=&#8221;0&#8243; z_index=&#8221;0&#8243; medium_width=&#8221;0&#8243; mobile_width=&#8221;0&#8243; width=&#8221;1/2&#8243; uncode_shortcode_id=&#8221;155119&#8243;][vc_custom_heading heading_semantic=&#8221;p&#8221; text_size=&#8221;&#8221; text_weight=&#8221;400&#8243; text_transform=&#8221;uppercase&#8221; uncode_shortcode_id=&#8221;194132&#8243; el_class=&#8221;heading_line&#8221;]Votre Agence de RP à Berne[/vc_custom_heading][vc_custom_heading heading_semantic=&#8221;h3&#8243; text_size=&#8221;h1&#8243; text_weight=&#8221;400&#8243; uncode_shortcode_id=&#8221;203720&#8243;]Collaborations[/vc_custom_heading][vc_empty_space empty_h=&#8221;1&#8243;][vc_column_text uncode_shortcode_id=&#8221;343460&#8243;]</p>
<p style="font-weight: 400;"><strong>Collaborations marketing et partenariats avec des ambassadeurs et ambassadrices – Partenariats stratégiques pour un succès durable de la marque</strong></p>
<p style="font-weight: 400;">Grâce à des collaborations marketing innovantes et des partenariats exclusifs avec des ambassadeurs et ambassadrices, nous ouvrons de nouveaux marchés et touchons de nouvelles audiences pour votre marque. En tant qu’agence de relations publiques expérimentée basée à Berne, nous combinons communication classique et concepts créatifs de partenariat dans l’ensemble de l’espace DACH.</p>
<p style="font-weight: 400;">Nos concepts globaux reposent sur une stratégie de communication réfléchie. Que ce soit pour l’hôtellerie, la gastronomie, les marques lifestyle ou les produits de luxe, nous élaborons des solutions sur mesure qui transmettent authentiquement les valeurs de votre marque.</p>
<p style="font-weight: 400;"><strong>Vos avantages </strong>: une notoriété accrue de la marque, de nouveaux segments de clientèle et des relations d’affaires durables grâce à des partenariats stratégiquement réfléchis.</p>
<p style="font-weight: 400;"><strong>Événements &amp; réseau</strong></p>
<p style="font-weight: 400;"><strong>Relations publiques événementielles professionnelles pour un impact médiatique maximal</strong></p>
<p style="font-weight: 400;">Nous concevons et réalisons des événements sur mesure qui transmettent efficacement vos messages. Des petits-déjeuners médias exclusifs aux lancements de produits, en passant par des inaugurations spectaculaires, nous créons des expériences inoubliables pour les médias et multiplicateurs·trices.</p>
<ul style="font-weight: 400;">
<li>Un accompagnement sur mesure, de la conception à la phase de suivi</li>
<li>Accès à notre réseau médiatique exclusif</li>
<li>Des résultats mesurables grâce à une gestion professionnelle d’événements</li>
<li>Un accompagnement relationnel durable, au-delà des impacts ponctuels</li>
</ul>
<p>[/vc_column_text][vc_empty_space empty_h=&#8221;1&#8243;][/vc_column_inner][vc_column_inner width=&#8221;1/2&#8243;][vc_single_image media=&#8221;121660&#8243; caption=&#8221;yes&#8221; media_width_percent=&#8221;100&#8243; uncode_shortcode_id=&#8221;145974&#8243;][/vc_column_inner][/vc_row_inner][/vc_column][/vc_row][vc_row][vc_column width=&#8221;1/3&#8243;][/vc_column][vc_column width=&#8221;1/3&#8243;][/vc_column][vc_column width=&#8221;1/3&#8243;][/vc_column][/vc_row]</p>
</div>
